e s(z).
6
Let s(q) be the second derivative of -q**5/20 + 5*q**4/12 - 2*q**3/3 - 3*q**2/2 - q. Let w be 580/87*(52/(-16) - -4). Give s(w).
-23
Let k(i) = 1581*i**2 + 3*i + 1 - 1584*i**2 + 0*i - 2*i. Let r(q) = 14*q**2 - 4*q - 5. Let u(z) = 5*k(z) + r(z). What is u(-1)?
-2
Let y(p) = -p**2 + 4*p + 25. Let j(w) = -5*w**2 + 13*w + 100. Let s(u) = 2*j(u) - 9*y(u). Give s(-6).
-1
Let a(j) = 669 - 1337 - 2*j + 5*j + 674. Let c(s) = 4*s**2 - 24*s + 22. Let h be c(5). Give a(h).
12
Suppose 40 = o - 5*o. Let s = o - -16. Let g(f) = 2*f**2 - f**2 + 35*f - 1 - 43*f + 3 + 3. Determine g(s).
-7
Let f(c) = -2*c - 42. Let p(n) = 3*n**2 - 36*n - 780. Let y be p(23). Calculate f(y).
0
Let g(c) = c**3 - 5*c**2 - 9*c + 9. Let w(o) = 3*o**2 + 4*o - 14. Let m = -782 - -784. Let p be w(m). Give g(p).
-9
Let m(p) = 12*p**2 + 84*p - 4. Let w be m(-7). Let j(k) = k**3 + 5*k**2 + 5*k + 5. Calculate j(w).
1
Suppose 0 = -123*c + 129*c + 24. Let y be (-2)/(-4) - 26/(-4). Let h(q) = 6*q + 2*q - y*q. What is h(c)?
-4
Let w(y) be the third derivative of y**6/120 + y**5/15 - y**4/24 - 3973*y**2. What is w(3)?
60
Let j(a) = a**2 + 5*a - 15. Let c = 5960 - 5966. Give j(c).
-9
Suppose -3*w + 16 = -2*o, -3*w - 7*o + 2*o + 2 = 0. Suppose -2*x - 10 = 0, 3*t - 12 = 7*t - w*x. Let b(z) = -z - 17. Give b(t).
-9
Let f(y) = y**3 - 24*y**2 + y - 25. Let o(j) = -2*j**3 - j**2 + 29*j + 66. Let v be o(-3). What is f(v)?
-1
Let c(u) = 2*u - 2. Let z be c(-1). Suppose 0 = -5*d + 5*o + 15, 7*d = 3*d - o + 2. Let j(a) = -a + 0 - d - 1 + 4. Calculate j(z).
6
Let a(z) = 2*z**2 - z + 5. Let u(i) = -3*i**2 + 2*i - 5. Let t(k) = 28*k - 3. Let v be t(0). Let b(n) = v*u(n) - 4*a(n). Calculate b(5).
10
Let i(y) = -22*y + 10. Let m(u) = -41*u + 21. Let d(n) = -11*i(n) + 6*m(n). Give d(4).
0
Let r(a) be the second derivative of -2 - 135*a + 1/20*a**5 + 3/4*a**4 + 2*a**2 - 1/3*a**3. Determine r(-9).
22
Let o(z) be the first derivative of -z**4/24 + 7*z**3/6 - z**2/2 + 9*z - 19. Let g(d) be the second derivative of o(d). Determine g(0).
7
Let u(v) = 26 + 30 - 25*v**2 - v - 93 + 35 + 2*v. Determine u(1).
-26
Let o(g) = 0*g - 3*g - 3*g. Let c be (-2 - -20)*13*22/(-858). Give o(c).
36
Let f(d) = d**3 - d**2 + 6*d + 3. Let g be f(2). Let q(c) = 6*c - 143. Determine q(g).
-29
Let l(w) be the third derivative of -w**4/12 + 37*w**3/6 + 1132*w**2. What is l(9)?
19
Let b(m) = -45*m + 21. Let r(i) = 52*i - 20. Let t(y) = 5*b(y) + 4*r(y). Give t(3).
-26
Let r(x) = -9*x**2 + 1 - 1160*x**3 + 1159*x**3 + 11*x - 29*x. Calculate r(-3).
1
Let i(k) be the first derivative of -23*k**2/2 - 84*k - 7667. Determine i(-3).
-15
Suppose -21 - 57 = -26*x. Suppose -x = 13*n - 68. Let v(u) = -u**2 + 5*u + 5. What is v(n)?
5
Let a(w) = -3*w**2 + 14*w - 5. Let x be a(4). Let v = -1 - -2. Let p(f) = -v - 3*f - 1 + 2*f + x. Calculate p(7).
-6
Let n(g) = -3*g**2 - 3*g + 1. Let d = -7849 - -7852. Give n(d).
-35
Let o = -507 - -513. Suppose 13*t - 6*t = 42. Let j(p) = 2*p**2 - 7 + 0*p**3 + 3*p**2 - p**3 + 7*p + t. Determine j(o).
5
Let g(h) = -h + 3. Suppose -22*a = -28*a + 30. Let z(q) = -q + 1. Let x(b) = a*z(b) + g(b). Let l(w) = -5*w + 7. Let n(o) = 7*l(o) - 6*x(o). What is n(0)?
1
Suppose -16 = -35043*d + 35045*d. Let u(g) be the second derivative of g**4/12 + 3*g**3/2 - 5*g**2 + g. Give u(d).
-18
Let n(o) = o**2 - 14*o + 31. Let l(a) = 5*a**3 + 27*a**2 + 7*a - 12. Let k be l(-5). What is n(k)?
-2
Let c(z) = z**3 + 15*z**2 - 26*z + 42. Let f be c(-17). Let q be ((-184)/(-10))/((-21)/105). Let o = f - q. Let a(n) = -n - 4. Determine a(o).
-2
Suppose 164 = -109*p - 54. Let w(b) be the first derivative of -b**5/10 - b**4/4 - b**3/2 - 3*b + 7. Let q(g) be the first derivative of w(g). Determine q(p).
10
Let d(w) = 3*w**3 + 5*w**2 - 4*w + 5. Let q = 2280 - 2283. Determine d(q).
-19
Let x = 233 - 230. Suppose 0 = n + 4*c + 9, -2*n + x*n - 4*c - 23 = 0. Let m(t) = 2 + 5 - 3*t - 3. What is m(n)?
-17
Let r(x) = 7*x - 45. Let j = -18703 - -18699. Determine r(j).
-73
Let p(t) = -20*t + 13. Suppose 4*m + 11 = -328*g + 331*g, -11 = 3*m - 5*g. What is p(m)?
53
Let x(i) = -2*i**3 - 2*i**2 + 3*i - 2. Suppose 4*s - 6 = -5*z, 4*z + 26 = 5*s + z. Suppose -3*h = s*u + 2, -2*h = -0*u - 5*u - 14. Determine x(h).
-20
Suppose 47*n + 25 = 5*x + 43*n, x + 16 = 5*n. Let q(k) = -19*k + 162. Give q(x).
-9
Let z(n) = 75*n**3 + n**2 - n. Let d be z(-1). Let o(u) = 10*u**3 - 3*u**2 + 3*u - 2. Let h be o(2). Let a = h + d. Let i(c) = -3*c**3. Give i(a).
3
Let i(r) = r**3 - 2*r + 9. Let f(y) = y**3 - y + 10. Let g(q) = 3*f(q) - 2*i(q). Suppose -9*p = -7*p. What is g(p)?
12
Let c be (6/(-16))/((-28)/224)*44/12. Suppose 2 = -b + 3*b. Let t(y) = -1 + b - y + 9. Calculate t(c).
-2
Let g(k) = -2*k - 5. Suppose 7*b - 1792 - 343 = 0. Let x = b - 308. Calculate g(x).
1
Let c(n) be the first derivative of -6*n + 2/3*n**3 - 3*n**2 - 29. What is c(5)?
14
Let m(q) = 7*q - 16. Let p be m(4). Let s be (13 - 1)*(p/18 + 0). Suppose 2*t + 18 = -2*b, 3*t + 3 - s = 5*b. Let n(a) = -a**3 - 5*a**2 - a - 1. Determine n(t).
4
Let b(x) = -4 + 267*x**3 - 9*x**2 - 556*x**3 + 290*x**3 + 5*x. Give b(6).
-82
Suppose -114*v - 116*v = -39*v. Let s(i) be the first derivative of -1/3*i**3 + 0*i**2 + 6*i + 1 - 1/4*i**4. Determine s(v).
6
Let a(v) be the third derivative of v**6/120 - v**5/15 + 5*v**3/6 + 6*v**2. Let i be a(4). Let r = i - 6. Let u(x) = -10*x**2 + x. What is u(r)?
-11
Let a = 12621 + -12655. Let f(v) = -v**2 - 35*v - 25. Determine f(a).
9
Let g be (-30667)/(-65) + (-2)/(-10) + 3. Suppose g*c - 466*c + 63 = 0. Let y(m) = 8 + 7*m + 4*m**2 + 0*m**2 + m**3 + 4*m**2. Calculate y(c).
8
Let g(n) be the second derivative of -5*n**3/6 + 3*n**2/2 + n. Suppose -25*b = -19*b - 66 + 84. Calculate g(b).
18
Let g(x) = x. Let v(p) = p**2 - 2*p + 7. Let y(b) = -4*g(b) - v(b). Let q(k) = -4*k - 9. Let h(u) = -3*q(u) + 4*y(u). What is h(3)?
-25
Let f(w) = -2*w**2 + 92*w + 289. Let m be f(-3). Let a(t) = -t - 5. Give a(m).
0
Let n(f) = 4*f**3 + 8*f**2 + 2 - 4*f**2 + 2*f - 3*f**3 - 2*f**3. Suppose -3*y + 2*y + 55 = 0. Let o = -51 + y. What is n(o)?
10
Let l = 4893 - 4897. Let d(g) = -15*g - 41. Determine d(l).
19
Let b(t) = -t**3 - 11*t**2 + 20*t - 21. Let d(g) = -23*g - 634. Let z be d(-27). Give b(z).
57
Let q(s) = 666*s - 69. Let m(g) = 98*g - 10. Let j(v) = 27*m(v) - 4*q(v). Give j(4).
-66
Let f = 133 - 128. Suppose d - 3*m + 3 = 6, -3*d = -f*m + 3. Let p(z) = z**3 + 6*z**2 + z + 11. What is p(d)?
5
Let x(q) be the third derivative of 6 + 1/120*q**6 + 0*q + 11/6*q**3 - 18*q**2 + 0*q**5 + 1/24*q**4. Determine x(0).
11
Suppose 5*k + 0 - 5 = 0. Let f = -363 + 357. Let h(m) = -m**2 + 2*m - 1. Let w(c) = 6*c**2 + 14*c - 7. Let g(b) = f*h(b) + w(b). Calculate g(k).
13
Let p(o) = o**2 - 19*o + 20. Let n be p(18). Let s(w) be the third derivative of -w**6/120 - w**5/60 + w**4/24 + w**3/6 - 167*w**2. What is s(n)?
-9
Let a(f) = 5*f - 37. Let u(c) = -c - 45. Let p(l) = 3*a(l) - 4*u(l). What is p(-4)?
-7
Suppose -16 = 5*i + 34. Let q be (-9)/((-225)/10) + (-26)/i. Suppose 0 = -z + x + 4, q*z - 3*x + 52 = 8*z. Let j(h) = h**3 - 9*h**2 + 9*h + 2. What is j(z)?
10
Let x = -5607 - -5610. Let i(l) be the second derivative of -l**2 + 0 + 4*l + 1/6*l**x. Calculate i(3).
1
Let c(y) = -y - 16. Suppose -27*f - 3*f = -2*f + 196. Determine c(f).
-9
Let o be 0/(-7) - (0 - 4). Let z(u) be the first derivative of -u**4/4 + u**3 + u**2 + 245. Give z(o).
-8
Let m(b) = 4*b**3 - b**2 - 2*b. Suppose -102 + 300 = -11*j. Suppose 0*z - 5*z = 3*d - 35, 2*z - 90 = -5*d. Let w be j + d - 0/(2 + -1). What is m(w)?
24
Let l(k) = -7*k - 98 + 23*k - 22*k + 13*k. Give l(15).
7
Let t(v) = v**2 - 11*v - 44. Let x be 42413/3486 + 5/6. What is t(x)?
-18
Let s(v) = 22*v**2 - 19*v + 6. Let c be s(5). Let a = c + -455. Let l(o) = -o**3 + 6*o**2 + 2*o - 7. Determine l(a).
5
Let n(z) = 4*z + 5. Let u(l) = 3*l**3 - 2*l**3 - 6 - 1756*l**2 - 2*l + 1756*l**2. Let c be u(2). What is n(c)?
-3
Let g(y) = 6*y + 31. Let p(h) = -32*h - 155. Let i(s) = -11*g(s) - 2*p(s). Let j(w) = 3*w + 46. Let z(d) = -7*i(d) - 5*j(d). Determine z(-9).
-4
Suppose 19*a = 12*a + 119. Let n(t) = 4*t - 5*t**2 - t**2 + 7*t - a*t + t**3 + 7. What is n(7)?
14
Let n(x) = 2*x + 22. Let k be n(-11). Let u(m) be the second derivative of -m**3/3 + 6*m**2 + 31*m - 4. Determine u(k).
12
Le